Calculate the highest common factor of 68 and 402310712.
68
What is the greatest common factor of 91443160 and 3056?
1528
Calculate the highest common divisor of 12965698 and 3382.
178
What is the highest common divisor of 62574208 and 384?
128
Calculate the highest common divisor of 6392 and 9212.
188
Calculate the highest common divisor of 3927 and 160197681.
357
Calculate the highest common factor of 1080 and 55400130.
90
What is the highest common factor of 210 and 8127390?
30
What is the greatest common factor of 146905 and 880?
55
What is the highest common factor of 11906118 and 22050?
882
Calculate the greatest common divisor of 8671 and 8103383.
667
What is the greatest common divisor of 4282221 and 3?
3
Calculate the highest common factor of 283112 and 1634344.
344
Calculate the greatest common factor of 68128062 and 12.
6
What is the greatest common divisor of 2566612 and 1010?
202
What is the greatest common factor of 3528 and 11688876?
36
What is the greatest common divisor of 2681265 and 41495?
215
Calculate the highest common factor of 21841901 and 3578.
1789
Calculate the highest common divisor of 2100973532 and 4228.
4228
Calculate the highest common factor of 36992 and 688.
16
What is the highest common divisor of 314503 and 54467?
1757
Calculate the greatest common divisor of 310367 and 360431.
149
What is the highest common factor of 44688 and 71443344?
6384
Calculate the greatest common divisor of 533900 and 2720.
20
What is the greatest common factor of 171864 and 565936?
1736
Calculate the highest common divisor of 33907 and 35137.
41
Calculate the highest common factor of 42907 and 23005.
107
Calculate the greatest common divisor of 177 and 2811.
3
Calculate the greatest common divisor of 128490 and 23880.
30
Calculate the highest common divisor of 243 and 26556093.
81
What is the greatest common divisor of 375809134 and 1461?
487
What is the highest common factor of 5365 and 2040295?
145
What is the highest common divisor of 4571190 and 5310?
90
What is the highest common divisor of 434 and 326719106?
434
What is the highest common factor of 1653828 and 25728?
804
What is the highest common divisor of 353620894 and 133?
19
Calculate the highest common factor of 263228260 and 536.
268
What is the highest common divisor of 787560 and 13230?
30
Calculate the highest common factor of 74242 and 53438.
14
What is the highest common divisor of 2507756 and 4454672?
8012
What is the greatest common divisor of 504 and 3041388?
252
What is the greatest common factor of 1488480 and 41370?
210
What is the greatest common factor of 113260957 and 13908?
1159
What is the highest common divisor of 63 and 235247679?
9
What is the greatest common factor of 84 and 297008264?
28
What is the highest common divisor of 33855625 and 30625?
625
What is the highest common divisor of 1024 and 6189312?
256
What is the greatest common factor of 6432336 and 3952?
304
Calculate the greatest common factor of 1908 and 444492927.
477
What is the greatest common factor of 1890 and 23694984?
54
Calculate the greatest common divisor of 1088 and 296992448.
1088
Calculate the highest common factor of 39 and 15725242.
13
Calculate the highest common factor of 137821926 and 858.
66
Calculate the highest common divisor of 331255 and 113878.
97
What is the highest common divisor of 1872 and 3256968?
312
What is the highest common factor of 59711 and 34861?
71
Calculate the greatest common factor of 898662624 and 1468.
1468
Calculate the greatest common divisor of 2340 and 116561640.
780
Calculate the highest common factor of 3277781 and 133151.
2833
What is the highest common factor of 714 and 255495142?
238
What is the greatest common divisor of 385548614 and 1034?
1034
Calculate the greatest common divisor of 1305 and 6644160.
45
Calculate the highest common divisor of 167300 and 14420.
140
Calculate the greatest common factor of 14 and 650545.
7
Calculate the highest common divisor of 57 and 18246441.
57
Calculate the greatest common divisor of 1380 and 42646.
2
Calculate the greatest common factor of 3320 and 449658808.
664
Calculate the greatest common divisor of 9747096 and 492875.
3943
Calculate the greatest common factor of 217909115 and 4175.
835
Calculate the greatest common divisor of 553 and 17079247.
79
Calculate the highest common divisor of 1654507 and 1812.
151
Calculate the greatest common divisor of 21146 and 5123.
109
What is the highest common factor of 5060 and 31944700?
460
Calculate the highest common divisor of 97331560 and 160.
40
What is the greatest common factor of 1223754 and 5103?
21
Calculate the highest common divisor of 835408 and 3108.
28
What is the highest common divisor of 17429 and 7465021?
601
What is the greatest common factor of 16 and 828516176?
16
What is the greatest common divisor of 10897 and 81821?
17
Calculate the greatest common divisor of 971844 and 23616.
12
What is the highest common factor of 233 and 82454739?
233
Calculate the highest common factor of 2982172 and 172.
4
What is the greatest common divisor of 152977669 and 897?
299
Calculate the greatest common factor of 38 and 681278.
2
What is the greatest common factor of 2541 and 16803402?
231
What is the greatest common divisor of 5089358 and 1088?
34
Calculate the greatest common divisor of 406 and 7068257.
203
Calculate the greatest common divisor of 2283 and 70076685.
2283
Calculate the highest common factor of 2076 and 243777933.
519
Calculate the greatest common divisor of 88 and 19627157.
11
Calculate the highest common divisor of 32 and 26528800.
32
What is the highest common divisor of 5471 and 106?
1
Calculate the highest common factor of 190 and 247555978.
38
Calculate the highest common factor of 109071385 and 5.
5
What is the highest common divisor of 9 and 92181066?
3
What is the highest common factor of 4704 and 69482?
98
Calculate the highest common factor of 60929 and 90277.
319
Calculate the highest common divisor of 133 and 24316048.
19
Calculate the greatest common divisor of 74945772 and 90.
18
Calculate the highest common factor of 29081 and 13247.
13
Calculate the highest common factor of 6416 and 15335042.
802
What is the greatest common divisor of 48 and 3102012?
12
What is the greatest common factor of 49 and 16160249?
49
Calculate the greatest common factor of 5364900 and 12825.
675
Calculate the greatest common divisor of 65611296 and 302940.
5508
What is the highest common divisor of 1369149 and 2438?
53
What is the highest common factor of 212332626 and 36?
18
Calculate the highest common divisor of 185 and 594460.
5
What is the highest common factor of 3519 and 858381?
51
What is the highest common factor of 30 and 8545245?
15
What is the highest common divisor of 28 and 911108?
4
Calculate the greatest common divisor of 29224 and 3645413.
281
Calculate the greatest common factor of 120594 and 3726474.
1194
Calculate the greatest common factor of 22282207 and 106.
53
Calculate the highest common divisor of 55149 and 555675.
93
What is the greatest common divisor of 14194 and 3852010?
302
What is the greatest common factor of 304366040 and 1320?
440
What is the highest common factor of 128 and 42434592?
32
What is the greatest common factor of 8740 and 391780?
380
Calculate the highest common divisor of 16210 and 1915.
5
What is the highest common factor of 58 and 26125752?
58
Calculate the greatest common factor of 1877504 and 228.
76
What is the highest common divisor of 3332 and 10676918?
238
Calculate the greatest common factor of 795951 and 949.
13
Calculate the highest common divisor of 10980 and 69480.
180
What is the greatest common factor of 4202 and 15861786?
382
What is the highest common factor of 172 and 389266444?
172
Calculate the greatest common factor of 41995424 and 46.
46
Calculate the highest common factor of 2378331 and 64962.
3609
Calculate the highest common factor of 2211 and 1118062.
11
Calculate the greatest common divisor of 475937329 and 21.
7
What is the highest common factor of 29746 and 734?
2
What is the highest common factor of 22 and 682054?
2
What is the greatest common factor of 56903 and 20867?
77
Calculate the greatest common divisor of 350446 and 1372466.
274
Calculate the greatest c